2
Calculate the highest common factor of 11 and 12039203.
11
Calculate the greatest common factor of 1995425 and 25.
25
What is the highest common factor of 84634 and 374?
22
What is the greatest common factor of 11168 and 20?
4
What is the highest common factor of 177781 and 92088?
1279
What is the highest common factor of 2142 and 157590?
306
Calculate the highest common divisor of 44 and 234212.
44
What is the greatest common divisor of 190150 and 320?
10
What is the greatest common factor of 1321279 and 57?
19
What is the greatest common factor of 521703 and 728?
91
What is the highest common factor of 102 and 1988218?
34
Calculate the greatest common divisor of 3440 and 245.
5
What is the greatest common factor of 2775 and 1875?
75
What is the highest common factor of 322 and 62258?
14
What is the greatest common factor of 479 and 62749?
479
Calculate the greatest common divisor of 1264 and 17288.
8
Calculate the highest common divisor of 1449283 and 4667.
359
Calculate the highest common divisor of 408 and 18819.
51
What is the highest common divisor of 107 and 229301?
107
Calculate the greatest common factor of 1856 and 11392.
64
What is the highest common factor of 72044 and 3472?
868
What is the greatest common divisor of 5200 and 33600?
400
Calculate the greatest common factor of 10574 and 374.
34
What is the greatest common factor of 3462 and 18?
6
What is the highest common factor of 780 and 12636?
156
What is the highest common divisor of 317 and 14052927?
317
What is the highest common divisor of 147 and 27244?
49
Calculate the highest common factor of 6972 and 437742.
498
What is the highest common divisor of 582785 and 35?
35
What is the highest common divisor of 60014 and 74?
74
What is the greatest common factor of 1732896 and 2376?
792
What is the greatest common factor of 10 and 150710?
10
What is the highest common factor of 891 and 6156?
81
What is the greatest common factor of 473709 and 807?
807
What is the greatest common factor of 5472 and 3?
3
Calculate the greatest common divisor of 4060 and 84.
28
What is the highest common divisor of 3825 and 360?
45
What is the greatest common divisor of 1203852 and 104?
52
Calculate the highest common factor of 150380 and 365.
365
Calculate the highest common divisor of 456 and 13300.
76
What is the greatest common divisor of 4422 and 843798?
402
What is the greatest common factor of 585780 and 130?
130
Calculate the highest common factor of 266726 and 3088.
386
What is the highest common divisor of 20 and 331?
1
What is the highest common divisor of 40 and 3238460?
20
What is the greatest common divisor of 3920 and 11515?
245
Calculate the greatest common factor of 14640 and 2235.
15
What is the highest common divisor of 1446653 and 1028?
257
Calculate the greatest common divisor of 303950 and 150.
50
What is the greatest common factor of 54746 and 186?
62
Calculate the highest common divisor of 149370 and 663.
39
Calculate the highest common factor of 8305 and 10570.
755
What is the highest common factor of 36565 and 355?
355
What is the greatest common divisor of 154121 and 22?
11
What is the greatest common divisor of 21772 and 28?
4
Calculate the highest common divisor of 216 and 1782.
54
Calculate the highest common factor of 97470 and 15770.
190
Calculate the greatest common divisor of 1575 and 1915.
5
Calculate the greatest common factor of 18 and 614286.
18
What is the highest common divisor of 47138 and 11284?
182
What is the highest common factor of 41076 and 6?
6
Calculate the highest common factor of 2991 and 9798.
3
Calculate the highest common factor of 7097 and 73688.
151
What is the greatest common divisor of 21437 and 10864?
97
Calculate the highest common factor of 1296 and 15696.
144
Calculate the greatest common factor of 2035 and 48510.
55
What is the greatest common divisor of 38 and 91238?
38
Calculate the highest common divisor of 384 and 332672.
128
Calculate the greatest common factor of 167000 and 4750.
250
Calculate the greatest common factor of 26 and 128.
2
Calculate the greatest common factor of 3108516 and 664.
332
Calculate the highest common factor of 2251200 and 9849.
1407
What is the highest common divisor of 1748299 and 14?
7
What is the greatest common divisor of 120 and 85230?
30
What is the highest common factor of 296689 and 57508?
1307
What is the greatest common factor of 1214049 and 1602?
267
Calculate the highest common factor of 3225 and 4970370.
645
Calculate the highest common factor of 5895 and 8325.
45
Calculate the greatest common divisor of 34 and 233784.
34
What is the greatest common factor of 184 and 177169?
23
What is the greatest common factor of 8096 and 1133792?
352
Calculate the greatest common factor of 72 and 9520.
8
Calculate the highest common divisor of 299 and 23782.
23
Calculate the highest common divisor of 13918 and 4.
2
Calculate the highest common divisor of 126848 and 112.
16
Calculate the greatest common factor of 305 and 80.
5
Calculate the highest common divisor of 47362 and 119.
119
What is the greatest common divisor of 6678 and 3474?
18
Calculate the highest common divisor of 1056 and 6732.
132
What is the highest common divisor of 11495 and 2375?
95
What is the greatest common divisor of 243 and 144?
9
Calculate the greatest common divisor of 6575 and 867637.
263
Calculate the greatest common divisor of 7210 and 16171.
103
Calculate the highest common factor of 22 and 1301410.
22
Calculate the highest common divisor of 6077 and 229999.
103
What is the greatest common divisor of 15 and 1039083?
3
What is the highest common factor of 103 and 47689?
103
Calculate the greatest common factor of 812957 and 5202.
289
What is the greatest common factor of 349 and 4191141?
349
What is the highest common divisor of 48 and 127272?
24
What is the greatest common factor of 8472 and 2388?
12
What is the highest common factor of 38 and 20357?
1
What is the greatest common factor of 49 and 9426473?
49
What is the greatest common divisor of 568 and 4952?
8
Calculate the highest common divisor of 15522 and 163578.
1194
What is the highest common factor of 9450 and 2275?
175
Calculate the greatest common divisor of 585024 and 24.
24
What is the greatest common factor of 623 and 2527?
7
What is the greatest common factor of 59958 and 198?
18
What is the greatest common factor of 6 and 822?
6
Calculate the greatest common divisor of 204 and 5660252.
68
Calculate the greatest common divisor of 300 and 4575.
75
What is the greatest common factor of 2492 and 45212?
356
What is the greatest common factor of 12137 and 229?
229
Calculate the greatest common divisor of 1666098 and 84.
42
Calculate the greatest common divisor of 1533 and 17031.
21
What is the greatest common factor of 1866097 and 1631?
233
What is the highest common factor of 90355 and 1445?
85
What is the greatest common factor of 11229379 and 49?
49
What is the highest common divisor of 3279826 and 66?
22
What is the greatest common divisor of 675 and 4450?
25
Calculate the greatest common factor of 357744 and 2784.
1392
What is the highest common factor of 107191 and 7?
7
Calculate the greatest common factor of 576 and 4248.
72
Calculate the highest common divisor of 2868096 and 21.
21
Calculate the highest common factor of 570793 and 457.
457
What is the greatest common divisor of 874 and 1122676?
46
What is the greatest common factor of 684 and 84360?
228
Calculate the highest common factor of 38961 and 962.
481
What is the greatest common divisor of 707430 and 45?
15
Calculate the greatest common divisor of 5072 and 6974.
634
Calculate the highest common divisor of 54054 and 39.
39
Calculate the highest common divisor of 14898 and 78.
78
What is the greatest common factor of 91 and 288743?
91
Calculate the greatest common factor of 621 and 2486760.
69
What is the greatest common factor of 48 and 285408?
48
What is the greatest common factor of 29 and 483169?
29
What is the greatest common divisor of 1256 and 1128?
8
What is the highest common factor of 8 and 70480?
8
Calculate the highest common factor of 243 and 5121.
9
Calculate the greatest common factor of 448684 and 92.
92
Calculate the greatest common divisor of 51960 and 43080.
120
What is the 